{"id":13,"date":"2022-06-28T19:25:48","date_gmt":"2022-06-29T00:25:48","guid":{"rendered":"https:\/\/roxanaari.com\/?page_id=13"},"modified":"2026-02-02T17:52:31","modified_gmt":"2026-02-02T22:52:31","slug":"contact","status":"publish","type":"page","link":"https:\/\/roxanaari.com\/?page_id=13","title":{"rendered":"Contact"},"content":{"rendered":"\t\t<div data-elementor-type=\"wp-page\" data-elementor-id=\"13\" class=\"elementor elementor-13\">\n\t\t\t\t\t\t<section class=\"elementor-section elementor-top-section elementor-element elementor-element-3faada0 elementor-section-boxed elementor-section-height-default elementor-section-height-default\" data-id=\"3faada0\" data-element_type=\"section\" data-e-type=\"section\">\n\t\t\t\t\t\t<div class=\"elementor-container elementor-column-gap-default\">\n\t\t\t\t\t<div class=\"elementor-column elementor-col-100 elementor-top-column elementor-element elementor-element-644a816\" data-id=\"644a816\" data-element_type=\"column\" data-e-type=\"column\">\n\t\t\t<div class=\"elementor-widget-wrap elementor-element-populated\">\n\t\t\t\t\t\t<div class=\"elementor-element elementor-element-a5d00e3 elementor-widget elementor-widget-spacer\" data-id=\"a5d00e3\" data-element_type=\"widget\" data-e-type=\"widget\" data-widget_type=\"spacer.default\">\n\t\t\t\t\t\t\t<div class=\"elementor-spacer\">\n\t\t\t<div class=\"elementor-spacer-inner\"><\/div>\n\t\t<\/div>\n\t\t\t\t\t\t<\/div>\n\t\t\t\t<div class=\"elementor-element elementor-element-bc83a11 elementor-widget elementor-widget-heading\" data-id=\"bc83a11\" data-element_type=\"widget\" data-e-type=\"widget\" data-widget_type=\"heading.default\">\n\t\t\t\t\t<h2 class=\"elementor-heading-title elementor-size-default\">Ub\u00edcanos<\/h2>\t\t\t\t<\/div>\n\t\t\t\t\t<\/div>\n\t\t<\/div>\n\t\t\t\t\t<\/div>\n\t\t<\/section>\n\t\t\t\t<section class=\"elementor-section elementor-top-section elementor-element elementor-element-71fef93a elementor-section-boxed elementor-section-height-default elementor-section-height-default\" data-id=\"71fef93a\" data-element_type=\"section\" data-e-type=\"section\">\n\t\t\t\t\t\t<div class=\"elementor-container elementor-column-gap-default\">\n\t\t\t\t\t<div class=\"elementor-column elementor-col-100 elementor-top-column elementor-element elementor-element-2595324f\" data-id=\"2595324f\" data-element_type=\"column\" data-e-type=\"column\">\n\t\t\t<div class=\"elementor-widget-wrap elementor-element-populated\">\n\t\t\t\t\t\t<div class=\"elementor-element elementor-element-e8fe5a9 elementor-widget elementor-widget-google_maps\" data-id=\"e8fe5a9\" data-element_type=\"widget\" data-e-type=\"widget\" data-widget_type=\"google_maps.default\">\n\t\t\t\t\t\t\t<div class=\"elementor-custom-embed\">\n\t\t\t<iframe loading=\"lazy\"\n\t\t\t\t\tsrc=\"https:\/\/maps.google.com\/maps?q=Mariategui%20304%20Comas&#038;t=m&#038;z=17&#038;output=embed&#038;iwloc=near\"\n\t\t\t\t\ttitle=\"Mariategui 304 Comas\"\n\t\t\t\t\taria-label=\"Mariategui 304 Comas\"\n\t\t\t><\/iframe>\n\t\t<\/div>\n\t\t\t\t\t\t<\/div>\n\t\t\t\t\t<\/div>\n\t\t<\/div>\n\t\t\t\t\t<\/div>\n\t\t<\/section>\n\t\t\t\t<section class=\"elementor-section elementor-top-section elementor-element elementor-element-e71c4a4 elementor-section-boxed elementor-section-height-default elementor-section-height-default\" data-id=\"e71c4a4\" data-element_type=\"section\" data-e-type=\"section\">\n\t\t\t\t\t\t<div class=\"elementor-container elementor-column-gap-default\">\n\t\t\t\t\t<div class=\"elementor-column elementor-col-100 elementor-top-column elementor-element elementor-element-20eb46e\" data-id=\"20eb46e\" data-element_type=\"column\" data-e-type=\"column\">\n\t\t\t<div class=\"elementor-widget-wrap elementor-element-populated\">\n\t\t\t\t\t\t<div class=\"elementor-element elementor-element-145f0d8 elementor-widget elementor-widget-wpforms\" data-id=\"145f0d8\" data-element_type=\"widget\" data-e-type=\"widget\" data-widget_type=\"wpforms.default\">\n\t\t\t\t<div class=\"elementor-widget-container\">\n\t\t\t\t\t<div class=\"wpforms-container wpforms-container-full\" id=\"wpforms-148\"><form id=\"wpforms-form-148\" class=\"wpforms-validate wpforms-form wpforms-ajax-form\" data-formid=\"148\" method=\"post\" enctype=\"multipart\/form-data\" action=\"\/index.php?rest_route=%2Fwp%2Fv2%2Fpages%2F13\" data-token=\"8ea5b6d2b1b5bb424ae45d391346b5af\" data-token-time=\"1776362306\"><div class=\"wpforms-head-container\"><div class=\"wpforms-title\">Cont\u00e1ctanos<\/div><\/div><noscript class=\"wpforms-error-noscript\">Please enable JavaScript in your browser to complete this form.<\/noscript><div class=\"wpforms-field-container\"><div id=\"wpforms-148-field_0-container\" class=\"wpforms-field wpforms-field-name\" data-field-id=\"0\"><label class=\"wpforms-field-label\">Nombre y Apellidos <span class=\"wpforms-required-label\">*<\/span><\/label><div class=\"wpforms-field-row wpforms-field-medium\"><div class=\"wpforms-field-row-block wpforms-first wpforms-one-half\"><input type=\"text\" id=\"wpforms-148-field_0\" class=\"wpforms-field-name-first wpforms-field-required\" name=\"wpforms[fields][0][first]\" required><label for=\"wpforms-148-field_0\" class=\"wpforms-field-sublabel after\">First<\/label><\/div><div class=\"wpforms-field-row-block wpforms-one-half\"><input type=\"text\" id=\"wpforms-148-field_0-last\" class=\"wpforms-field-name-last wpforms-field-required\" name=\"wpforms[fields][0][last]\" required><label for=\"wpforms-148-field_0-last\" class=\"wpforms-field-sublabel after\">Last<\/label><\/div><\/div><\/div><div id=\"wpforms-148-field_1-container\" class=\"wpforms-field wpforms-field-email\" data-field-id=\"1\"><label class=\"wpforms-field-label\" for=\"wpforms-148-field_1\">Email <span class=\"wpforms-required-label\">*<\/span><\/label><input type=\"email\" id=\"wpforms-148-field_1\" class=\"wpforms-field-medium wpforms-field-required\" name=\"wpforms[fields][1]\" spellcheck=\"false\" required><\/div><div id=\"wpforms-148-field_2-container\" class=\"wpforms-field wpforms-field-textarea\" data-field-id=\"2\"><label class=\"wpforms-field-label\" for=\"wpforms-148-field_2\">Comentario o mensaje <span class=\"wpforms-required-label\">*<\/span><\/label><textarea id=\"wpforms-148-field_2\" class=\"wpforms-field-medium wpforms-field-required\" name=\"wpforms[fields][2]\" required><\/textarea><\/div><\/div><!-- .wpforms-field-container --><div class=\"wpforms-submit-container\" ><input type=\"hidden\" name=\"wpforms[id]\" value=\"148\"><input type=\"hidden\" name=\"page_title\" value=\"\"><input type=\"hidden\" name=\"page_url\" value=\"https:\/\/roxanaari.com\/index.php?rest_route=\/wp\/v2\/pages\/13\"><input type=\"hidden\" name=\"url_referer\" value=\"\"><button type=\"submit\" name=\"wpforms[submit]\" id=\"wpforms-submit-148\" class=\"wpforms-submit\" data-alt-text=\"Sending...\" data-submit-text=\"enviar\" aria-live=\"assertive\" value=\"wpforms-submit\">enviar<\/button><img decoding=\"async\" src=\"https:\/\/roxanaari.com\/wp-content\/plugins\/wpforms-lite\/assets\/images\/submit-spin.svg\" class=\"wpforms-submit-spinner\" style=\"display: none;\" width=\"26\" height=\"26\" alt=\"Loading\"><\/div><\/form><\/div>  <!-- .wpforms-container -->\t\t\t\t<\/div>\n\t\t\t\t<\/div>\n\t\t\t\t\t<\/div>\n\t\t<\/div>\n\t\t\t\t\t<\/div>\n\t\t<\/section>\n\t\t\t\t<\/div>\n\t\t","protected":false},"excerpt":{"rendered":"<p>Ub\u00edcanos Cont\u00e1ctanosPlease enable JavaScript in your browser to complete this form.Nombre y Apellidos *FirstLastEmail *Comentario o mensaje * enviar<\/p>\n","protected":false},"author":1,"featured_media":5,"parent":0,"menu_order":0,"comment_status":"closed","ping_status":"closed","template":"page-templates\/template-pagebuilder-full-width.php","meta":{"_monsterinsights_skip_tracking":false,"_monsterinsights_sitenote_active":false,"_monsterinsights_sitenote_note":"","_monsterinsights_sitenote_category":0,"footnotes":""},"class_list":["post-13","page","type-page","status-publish","has-post-thumbnail","hentry"],"yoast_head":"<!-- This site is optimized with the Yoast SEO plugin v27.4 - https:\/\/yoast.com\/product\/yoast-seo-wordpress\/ -->\n<title>Contact - Roxana Ari Acu\u00f1a<\/title>\n<meta name=\"robots\" content=\"index, follow, max-snippet:-1, max-image-preview:large, max-video-preview:-1\" \/>\n<link rel=\"canonical\" href=\"https:\/\/roxanaari.com\/?page_id=13\" \/>\n<meta property=\"og:locale\" content=\"es_ES\" \/>\n<meta property=\"og:type\" content=\"article\" \/>\n<meta property=\"og:title\" content=\"Contact - Roxana Ari Acu\u00f1a\" \/>\n<meta property=\"og:description\" content=\"Ub\u00edcanos Cont\u00e1ctanosPlease enable JavaScript in your browser to complete this form.Nombre y Apellidos *FirstLastEmail *Comentario o mensaje * enviar\" \/>\n<meta property=\"og:url\" content=\"https:\/\/roxanaari.com\/?page_id=13\" \/>\n<meta property=\"og:site_name\" content=\"Roxana Ari Acu\u00f1a\" \/>\n<meta property=\"article:publisher\" content=\"https:\/\/www.facebook.com\/RoxanaAriOficial\" \/>\n<meta property=\"article:modified_time\" content=\"2026-02-02T22:52:31+00:00\" \/>\n<meta property=\"og:image\" content=\"https:\/\/roxanaari.com\/wp-content\/uploads\/2022\/06\/contact.jpg\" \/>\n\t<meta property=\"og:image:width\" content=\"1024\" \/>\n\t<meta property=\"og:image:height\" content=\"683\" \/>\n\t<meta property=\"og:image:type\" content=\"image\/jpeg\" \/>\n<meta name=\"twitter:card\" content=\"summary_large_image\" \/>\n<meta name=\"twitter:label1\" content=\"Est. reading time\" \/>\n\t<meta name=\"twitter:data1\" content=\"1 minuto\" \/>\n<script type=\"application\/ld+json\" class=\"yoast-schema-graph\">{\"@context\":\"https:\\\/\\\/schema.org\",\"@graph\":[{\"@type\":\"WebPage\",\"@id\":\"https:\\\/\\\/roxanaari.com\\\/?page_id=13\",\"url\":\"https:\\\/\\\/roxanaari.com\\\/?page_id=13\",\"name\":\"Contact - Roxana Ari Acu\u00f1a\",\"isPartOf\":{\"@id\":\"https:\\\/\\\/roxanaari.com\\\/#website\"},\"primaryImageOfPage\":{\"@id\":\"https:\\\/\\\/roxanaari.com\\\/?page_id=13#primaryimage\"},\"image\":{\"@id\":\"https:\\\/\\\/roxanaari.com\\\/?page_id=13#primaryimage\"},\"thumbnailUrl\":\"https:\\\/\\\/roxanaari.com\\\/wp-content\\\/uploads\\\/2022\\\/06\\\/contact.jpg\",\"datePublished\":\"2022-06-29T00:25:48+00:00\",\"dateModified\":\"2026-02-02T22:52:31+00:00\",\"breadcrumb\":{\"@id\":\"https:\\\/\\\/roxanaari.com\\\/?page_id=13#breadcrumb\"},\"inLanguage\":\"es-PE\",\"potentialAction\":[{\"@type\":\"ReadAction\",\"target\":[\"https:\\\/\\\/roxanaari.com\\\/?page_id=13\"]}]},{\"@type\":\"ImageObject\",\"inLanguage\":\"es-PE\",\"@id\":\"https:\\\/\\\/roxanaari.com\\\/?page_id=13#primaryimage\",\"url\":\"https:\\\/\\\/roxanaari.com\\\/wp-content\\\/uploads\\\/2022\\\/06\\\/contact.jpg\",\"contentUrl\":\"https:\\\/\\\/roxanaari.com\\\/wp-content\\\/uploads\\\/2022\\\/06\\\/contact.jpg\",\"width\":1024,\"height\":683},{\"@type\":\"BreadcrumbList\",\"@id\":\"https:\\\/\\\/roxanaari.com\\\/?page_id=13#breadcrumb\",\"itemListElement\":[{\"@type\":\"ListItem\",\"position\":1,\"name\":\"Portada\",\"item\":\"https:\\\/\\\/roxanaari.com\\\/\"},{\"@type\":\"ListItem\",\"position\":2,\"name\":\"Contact\"}]},{\"@type\":\"WebSite\",\"@id\":\"https:\\\/\\\/roxanaari.com\\\/#website\",\"url\":\"https:\\\/\\\/roxanaari.com\\\/\",\"name\":\"Roxana Ari Acu\u00f1a\",\"description\":\"Una mujer de Comas para el cambio\",\"publisher\":{\"@id\":\"https:\\\/\\\/roxanaari.com\\\/#organization\"},\"potentialAction\":[{\"@type\":\"SearchAction\",\"target\":{\"@type\":\"EntryPoint\",\"urlTemplate\":\"https:\\\/\\\/roxanaari.com\\\/?s={search_term_string}\"},\"query-input\":{\"@type\":\"PropertyValueSpecification\",\"valueRequired\":true,\"valueName\":\"search_term_string\"}}],\"inLanguage\":\"es-PE\"},{\"@type\":\"Organization\",\"@id\":\"https:\\\/\\\/roxanaari.com\\\/#organization\",\"name\":\"Roxana Ari Acu\u00f1a\",\"url\":\"https:\\\/\\\/roxanaari.com\\\/\",\"logo\":{\"@type\":\"ImageObject\",\"inLanguage\":\"es-PE\",\"@id\":\"https:\\\/\\\/roxanaari.com\\\/#\\\/schema\\\/logo\\\/image\\\/\",\"url\":\"https:\\\/\\\/roxanaari.com\\\/wp-content\\\/uploads\\\/2022\\\/06\\\/cropped-logo-rox-icono-black-2.png\",\"contentUrl\":\"https:\\\/\\\/roxanaari.com\\\/wp-content\\\/uploads\\\/2022\\\/06\\\/cropped-logo-rox-icono-black-2.png\",\"width\":723,\"height\":242,\"caption\":\"Roxana Ari Acu\u00f1a\"},\"image\":{\"@id\":\"https:\\\/\\\/roxanaari.com\\\/#\\\/schema\\\/logo\\\/image\\\/\"},\"sameAs\":[\"https:\\\/\\\/www.facebook.com\\\/RoxanaAriOficial\"]}]}<\/script>\n<!-- \/ Yoast SEO plugin. -->","yoast_head_json":{"title":"Contact - Roxana Ari Acu\u00f1a","robots":{"index":"index","follow":"follow","max-snippet":"max-snippet:-1","max-image-preview":"max-image-preview:large","max-video-preview":"max-video-preview:-1"},"canonical":"https:\/\/roxanaari.com\/?page_id=13","og_locale":"es_ES","og_type":"article","og_title":"Contact - Roxana Ari Acu\u00f1a","og_description":"Ub\u00edcanos Cont\u00e1ctanosPlease enable JavaScript in your browser to complete this form.Nombre y Apellidos *FirstLastEmail *Comentario o mensaje * enviar","og_url":"https:\/\/roxanaari.com\/?page_id=13","og_site_name":"Roxana Ari Acu\u00f1a","article_publisher":"https:\/\/www.facebook.com\/RoxanaAriOficial","article_modified_time":"2026-02-02T22:52:31+00:00","og_image":[{"width":1024,"height":683,"url":"https:\/\/roxanaari.com\/wp-content\/uploads\/2022\/06\/contact.jpg","type":"image\/jpeg"}],"twitter_card":"summary_large_image","twitter_misc":{"Est. reading time":"1 minuto"},"schema":{"@context":"https:\/\/schema.org","@graph":[{"@type":"WebPage","@id":"https:\/\/roxanaari.com\/?page_id=13","url":"https:\/\/roxanaari.com\/?page_id=13","name":"Contact - Roxana Ari Acu\u00f1a","isPartOf":{"@id":"https:\/\/roxanaari.com\/#website"},"primaryImageOfPage":{"@id":"https:\/\/roxanaari.com\/?page_id=13#primaryimage"},"image":{"@id":"https:\/\/roxanaari.com\/?page_id=13#primaryimage"},"thumbnailUrl":"https:\/\/roxanaari.com\/wp-content\/uploads\/2022\/06\/contact.jpg","datePublished":"2022-06-29T00:25:48+00:00","dateModified":"2026-02-02T22:52:31+00:00","breadcrumb":{"@id":"https:\/\/roxanaari.com\/?page_id=13#breadcrumb"},"inLanguage":"es-PE","potentialAction":[{"@type":"ReadAction","target":["https:\/\/roxanaari.com\/?page_id=13"]}]},{"@type":"ImageObject","inLanguage":"es-PE","@id":"https:\/\/roxanaari.com\/?page_id=13#primaryimage","url":"https:\/\/roxanaari.com\/wp-content\/uploads\/2022\/06\/contact.jpg","contentUrl":"https:\/\/roxanaari.com\/wp-content\/uploads\/2022\/06\/contact.jpg","width":1024,"height":683},{"@type":"BreadcrumbList","@id":"https:\/\/roxanaari.com\/?page_id=13#breadcrumb","itemListElement":[{"@type":"ListItem","position":1,"name":"Portada","item":"https:\/\/roxanaari.com\/"},{"@type":"ListItem","position":2,"name":"Contact"}]},{"@type":"WebSite","@id":"https:\/\/roxanaari.com\/#website","url":"https:\/\/roxanaari.com\/","name":"Roxana Ari Acu\u00f1a","description":"Una mujer de Comas para el cambio","publisher":{"@id":"https:\/\/roxanaari.com\/#organization"},"potentialAction":[{"@type":"SearchAction","target":{"@type":"EntryPoint","urlTemplate":"https:\/\/roxanaari.com\/?s={search_term_string}"},"query-input":{"@type":"PropertyValueSpecification","valueRequired":true,"valueName":"search_term_string"}}],"inLanguage":"es-PE"},{"@type":"Organization","@id":"https:\/\/roxanaari.com\/#organization","name":"Roxana Ari Acu\u00f1a","url":"https:\/\/roxanaari.com\/","logo":{"@type":"ImageObject","inLanguage":"es-PE","@id":"https:\/\/roxanaari.com\/#\/schema\/logo\/image\/","url":"https:\/\/roxanaari.com\/wp-content\/uploads\/2022\/06\/cropped-logo-rox-icono-black-2.png","contentUrl":"https:\/\/roxanaari.com\/wp-content\/uploads\/2022\/06\/cropped-logo-rox-icono-black-2.png","width":723,"height":242,"caption":"Roxana Ari Acu\u00f1a"},"image":{"@id":"https:\/\/roxanaari.com\/#\/schema\/logo\/image\/"},"sameAs":["https:\/\/www.facebook.com\/RoxanaAriOficial"]}]}},"_links":{"self":[{"href":"https:\/\/roxanaari.com\/index.php?rest_route=\/wp\/v2\/pages\/13","targetHints":{"allow":["GET"]}}],"collection":[{"href":"https:\/\/roxanaari.com\/index.php?rest_route=\/wp\/v2\/pages"}],"about":[{"href":"https:\/\/roxanaari.com\/index.php?rest_route=\/wp\/v2\/types\/page"}],"author":[{"embeddable":true,"href":"https:\/\/roxanaari.com\/index.php?rest_route=\/wp\/v2\/users\/1"}],"replies":[{"embeddable":true,"href":"https:\/\/roxanaari.com\/index.php?rest_route=%2Fwp%2Fv2%2Fcomments&post=13"}],"version-history":[{"count":17,"href":"https:\/\/roxanaari.com\/index.php?rest_route=\/wp\/v2\/pages\/13\/revisions"}],"predecessor-version":[{"id":295,"href":"https:\/\/roxanaari.com\/index.php?rest_route=\/wp\/v2\/pages\/13\/revisions\/295"}],"wp:featuredmedia":[{"embeddable":true,"href":"https:\/\/roxanaari.com\/index.php?rest_route=\/wp\/v2\/media\/5"}],"wp:attachment":[{"href":"https:\/\/roxanaari.com\/index.php?rest_route=%2Fwp%2Fv2%2Fmedia&parent=13"}],"curies":[{"name":"wp","href":"https:\/\/api.w.org\/{rel}","templated":true}]}}